23*p**2 - p - 20. Let t be g(-23). Suppose -14*c + 4631 = -t*c. What is the units digit of c?
1
Suppose 5*v = -5*v + 17950. Let n = -1274 + v. Suppose n = 4*w + 153. What is the tens digit of w?
9
Let s = 52 + -64. What is the units digit of (-52764)/(-72) + (-2)/s?
3
Let x(r) = 19*r - 12. Let u be x(11). Suppose 4*n - 22*n + 90 = 0. Suppose -n*i + u = -68. What is the tens digit of i?
5
Suppose -2*h + 1142 = -606. Let y = h - 569. What is the units digit of y?
5
Let w = 73 - 71. Suppose v + 2*z = w, 9*v - 4*v - 5*z + 20 = 0. Let t(n) = 24*n**2 - 3*n - 2. What is the hundreds digit of t(v)?
1
Suppose 569147 = -102*t + 4926893. What is the ten thousands digit of t?
4
What is the hundreds digit of -15 + (490320/3)/8?
4
Suppose -3*u - 2*o = -0*o + 925, -5*u - 1543 = 3*o. Let f = -1045 - u. What is the units digit of 15/(-35) - f/14?
2
Suppose -8*r = 10*r - 84212 - 329914. What is the units digit of r?
7
Suppose -5*d - 25 = 0, -4*u - 4*d + 3*d = 109. Let h(n) = 2*n**2 + 27*n - 68. What is the hundreds digit of h(u)?
5
Let r(h) = -216*h**3 + 228*h**3 - 263*h - 518*h**3 + 262*h. What is the tens digit of r(-1)?
0
Suppose -25943 + 107773 = 7*m. What is the ten thousands digit of m?
1
Let j(l) = -3*l + 115. Let h be j(14). Let d = 542 - h. What is the hundreds digit of d?
4
Let d = -50 + 43. Let x = -3 - d. Suppose -s = x*s - 465. What is the units digit of s?
3
Suppose -16*j + 5*j = -44. Suppose 5*q = -20, 4*n + 3*q + j - 476 = 0. What is the hundreds digit of n?
1
What is the thousands digit of (-20)/(-16) + (-281528)/(-32)?
8
Let d = 13182 - 9135. What is the thousands digit of d?
4
Let m(p) = 30*p**2 + p. Let d be m(-1). Suppose d = 9*u - 8*u. Let g = u + 31. What is the units digit of g?
0
Let d be (-36)/(-30)*(-10)/(-4). Let c be d + -2 + 3 + 4 + -2. What is the units digit of ((-4)/c)/((-24)/(-396))*-1?
1
Suppose 3*n + 191 = 4*q, q - 13*n - 64 = -9*n. Suppose -q*d - 508 = -46*d. What is the tens digit of d?
5
Suppose 3*c - 2*h - 12 = h, 13 = 4*c - 3*h. Let k be 9/c + (-4)/(-4) + -2. Suppose k*s = 12*s - 272. What is the units digit of s?
8
Suppose 10*c + 1227 = -4763. Let d = -144 - c. What is the hundreds digit of d?
4
Let c = -135 + 183. Suppose 2*w - 11 = 1. What is the hundreds digit of ((-441)/w)/((-18)/c)?
1
Let i = -21 + 3. Let a be -4 - (1 - i/(-2)). Suppose -r + 3*r - 20 = -a*t, -2*r - 1 = -3*t. What is the units digit of r?
4
Suppose -3*l = 3*k + 39, -41 = -2*l + 5*l + 5*k. What is the units digit of (l/5)/((-30)/1200)?
6
What is the thousands digit of (50/(-10))/(-1 + 2) - (-44289)/19?
2
Let v(i) = -120*i - 2165. What is the hundreds digit of v(-64)?
5
Let v = 37 - 34. Suppose -l = -4*s - v*l, 0 = 4*l. Suppose s = -r + 27 + 50. What is the tens digit of r?
7
What is the units digit of (-9)/(324/(-292724))*9?
1
What is the units digit of 252258/8 - -1 - -21*57/(-4788)?
3
Suppose 33*s + 351778 = 41*s - 2*d, -d = 5*s - 219877. What is the thousands digit of s?
3
Let i(o) = 145*o**2 + 108*o + 314. What is the units digit of i(-6)?
6
Suppose -2*k + 535 + 1367 = -3*g, -k = -2*g - 952. Let c = 1759 - k. What is the tens digit of c?
1
Suppose 0 = -z + 3*l + 12, 0*z = 2*z - 3*l - 21. Suppose -z*b = 6*b - 16140. What is the thousands digit of b?
1
Suppose -3*u + 62506 = -y, 2*u - 428*y - 41675 = -423*y. What is the thousands digit of u?
0
Suppose 3*s - 4*k + 73932 = -s, -5*s - k - 92439 = 0. What is the units digit of ((-1)/(-3))/(-1) - s/399?
6
Suppose 30*l = 32*l + 12. What is the hundreds digit of (9/l)/(0 - (-1)/(-804))?
2
Let y = 709 - -507. Let d = y - 264. Suppose -6*u + d = 76. What is the hundreds digit of u?
1
Suppose -800 + 0 = -16*j. Suppose -108 = -v + j. Let q = v - 111. What is the units digit of q?
7
Suppose 697 = h + 4*z, -50 = -2*z - 40. What is the units digit of h?
7
Suppose 3*d - 4*x - 23 = 11, d = -2*x - 2. What is the units digit of (-4 - -2) + (-2)/(d/(-303))?
9
Let n(w) = -141*w**2 - 6*w - 69. Let a be n(-20). What is the tens digit of (-3)/21 + a/(-189)?
9
Suppose 2*n - 3*k = 38705 + 11230, 2*n - 49885 = -7*k. What is the ten thousands digit of n?
2
Let g(w) be the third derivative of w**5/15 + 33*w**4/8 + 7*w**3/2 + 36*w**2. What is the units digit of g(-26)?
1
Let w = 63 + -73. Let n(x) = -5*x - 24. Let l be n(w). Let v = l + 46. What is the units digit of v?
2
Let b(o) be the third derivative of 0 + 61/6*o**3 - 1/24*o**4 + 0*o + 51*o**2. What is the tens digit of b(10)?
5
Let t be (-412)/(-4) + (0 - 2). Suppose 4*w = 20, 0 = -4*v + 2*w + 2*w - 260. Let y = t - v. What is the units digit of y?
1
Let r(g) = -9*g**2 + 14*g - 3. Let a(v) = -4*v**2 + 7*v - 1. Let c(z) = 5*a(z) - 2*r(z). Let w be c(5). Let x = 132 - w. What is the tens digit of x?
4
Suppose 19*n - 35 = 12*n. Suppose -83 = -m - n*l, -4*l + 26 = m - 61. What is the units digit of m?
3
Suppose 4*w + w + 4*w = 0. Suppose 3*g = -2*n + 1068 - 240, w = 5*g + 10. Suppose -135 - n = -4*h. What is the units digit of h?
8
Suppose 8*z - 126*z = 516155 - 2099951. What is the hundreds digit of z?
4
Suppose 303 - 6451 = -2*c - 5*m, 9237 = 3*c + 5*m. What is the units digit of c?
9
Let x(f) = -2*f**2 - 8*f + 2. Suppose w = 4*w - 5*b - 6, 5*w + b + 18 = 0. Let r be x(w). What is the units digit of 85 + (r/1)/(-4)?
3
Suppose -4 = 18*o - 20*o. Suppose -707 = -0*x - x + 4*g, 8 = -o*g. What is the hundreds digit of x?
6
Suppose -4*w - 21 = -4*y + w, -4*w = -2*y + 12. Suppose 2*o = 5*o - 5*b - 150, -3*b = y*o - 171. Let f = o + -42. What is the units digit of f?
3
Let k(a) be the first derivative of -2*a**3/3 + 20*a**2 - 4*a + 6. Let d be k(20). What is the hundreds digit of -2 - ((-20)/d - 245)?
2
Let h(u) = -139*u - 483. Let o(j) = -70*j - 243. Let x(b) = -3*h(b) + 5*o(b). What is the hundreds digit of x(8)?
7
Suppose 0 = -q + 733 + 284. Suppose 4*f - m = 1128 + q, -2*f - 3*m + 1083 = 0. Suppose -3*o + 2*y = -y - f, 5*o - 2*y = 889. What is the tens digit of o?
7
Let h = 100 - 95. Suppose 911 + 114 = h*x. What is the units digit of x?
5
Suppose 10*f = 6*f + 4. Suppose -2*h + h + f = 0. Suppose -25 = -4*o - h. What is the units digit of o?
6
Let a = -14207 - -56877. What is the units digit of a?
0
Let o be (-2)/6 + (-200)/(-6). Suppose a + 3*a - o = 5*j, 0 = -5*a - 5*j - 15. What is the units digit of 255/3 + (-3)/((-3)/a)?
7
Suppose 78*d = 73*d - 680. Let c = 478 + d. What is the tens digit of c?
4
Let z be (-4842)/(-30) - (-8)/(-20). What is the hundreds digit of -29 + 23 - (0 - z)?
1
Let c(j) = 28*j**2 + 5*j - 31. Let f be c(-12). Suppose -16*m + 12661 = f. What is the hundreds digit of m?
5
What is the tens digit of 769/4614 - ((-118546)/12 + 1)?
7
Let i(y) = -y**3 + 14*y**2 - 2*y + 28. Let c be i(14). Let w = 95 - 91. Suppose -5*v + 4*l + 728 = 0, c*v + w*l + 136 = v. What is the tens digit of v?
4
Suppose 0 = -27*k + 102 + 60. What is the hundreds digit of k/(-33) - (-24)/(-22)*-717?
7
Let m = 109 - 109. Suppose -1177 = -3*k - 2*u + 438, 5*u - 25 = m. What is the hundreds digit of k?
5
Let g = -31632 - -60148. What is the tens digit of g?
1
Suppose 3*d + 4*t = 22484, -5*d + 2*d = -4*t - 22468. What is the hundreds digit of d?
4
Suppose z = 4*a - 15, 4*a + a - 5*z = 0. Suppose -2*m + a*w = 2*m - 677, -4*m - 3*w + 637 = 0. What is the units digit of m?
3
Let j(z) = 90*z - 6. Let n be j(3). Let t(f) = 14*f - 82. Let x be t(6). Suppose -n + 800 = 4*k - s, -x*k + 268 = 3*s. What is the units digit of k?
4
Let m(o) = 304*o - 77. What is the units digit of m(19)?
9
Let o(p) = -2*p**3 - 4*p**2 + 5*p - 5. Let n be 13 + (-3 - -3) + 0. Suppose n*x - 9*x + 16 = 0. What is the units digit of o(x)?
9
Let f(t) = t**3 - 19*t**2 + 27*t + 124. Let c be f(17). Suppose 2*s = -2*p + 1128, -3813 + 984 = -c*s + 4*p. What is the hundreds digit of s?
5
Let p(b) = 2*b**2 + b - 1. Let o(w) = -747*w**2 - 7*w + 3. Let u(d) = -o(d) - 5*p(d). What is the tens digit of u(-1)?
3
Let m be 4646/4 - (30/(-4) - -8). Suppose -6*w + 2325 = -m. What is the tens digit of w?
8
Suppose a = -3*s + 26, -3*s - 202 = -3*a - 2*a. Suppose a*x = 23*x + 2325. What is the units digit of x?
5
Let y = 76 - 46. Let b be (24/y)/((-2)/(-10)). Suppose 0 = -b*v - 110 + 590. What is the tens digit of v?
2
Let j = -18 - 2. Suppose -161*c + 42 = -160*c. Let d = j + c. What is the tens digit of d?
2
Suppose 0 = 18*f - 606887 